is -39 + 3 + (0 - (-8 - -14))?
-42
What is 109 + (-39 - -81) - 23?
128
Evaluate (0 + 0 - -5) + -25 + 3 + 564 + -571.
-24
What is the value of (-34 - (2 + 0)) + (-1603 - -1602) + (-9 - 0)?
-46
Calculate 31 - -1 - (-55 - -53).
34
What is -2 - (-10 - 7) - (-18 + -19 - -26)?
26
Evaluate -1 + -10 + -29 + 59 + -2.
17
0 + -142 + (-18 + (-58 - -54) - -27)
-137
What is (-25 - (-4 - -8)) + (2166 - 2090)?
47
What is (14 - (-6 + -4 - -11)) + 2 + -9 + -31?
-25
Evaluate 2445 - 2408 - (-2 - -107).
-68
Evaluate 8 + (-15 - (-1 + 11 + -8 - (5 + 2))).
-2
Evaluate -249 - -212 - (-41 - -18).
-14
What is 11 - 67 - (176 - 275)?
43
-23 - -29 - (-107 + 14 + 12)
87
What is 58 + 51 + -98 - 4?
7
(126 - 94) + (31 - -5) + (-20 - -3)
51
What is the value of 13 + -21 + 16 + -10 - (36 - (0 + -2))?
-40
Calculate 10 + (16 + -25 - (-4 - -1)) + (36 - 4).
36
Evaluate 125 + -22 + -252 + 77.
-72
Evaluate (-133 - (-15 - 88)) + 37 + 1.
8
What is 55 - 24 - -8 - 25 - (-43 + 6)?
51
(4 - 2) + (10 + 9 - 7) + 14
28
Evaluate 7 - (-11 + 14) - (-29 + -7).
40
What is 22 - -7 - (-30 - (17 + -33))?
43
Calculate -68 - -45 - (-25 - 19).
21
Calculate -7 - 16 - (1 + -25) - -36.
37
Evaluate -14 - -25 - (194 - 144).
-39
Evaluate 2 + 1 + -15 - (-6 + -12) - 22.
-16
-19 - -43 - (-166 - -317)
-127
What is -3 + -29 + (41 - 59) + 92?
42
Evaluate -2 + (0 - (118 - 1)) - (-420 - -397).
-96
What is the value of ((1 - -2) + -12 - -3) + 5 + 1 + 46?
46
What is the value of 26 + (-15 - -2) + -59 + -2 + 4 + 10?
-34
What is the value of -5 + -1 + (-3 - (1 + -54 - (13 + -15)))?
42
What is -39 + 107 + (18 - (0 - -3))?
83
Calculate 1 - (0 - (11 - 18)) - (-15 - 11).
20
What is the value of (-70 - -21) + 118 + 8?
77
(310 - 287) + -39 + -1 + -2
-19
Calculate 128 - (86 - (108 - 65)).
85
Evaluate 58 + 1 + -55 + 18.
22
(-20 + 13 - -41) + -36 - -40
38
Evaluate 50 + (7 - -33 - 55).
35
What is (-75 - -29) + (-4 - -4 - 0) + -3?
-49
Calculate -39 - (13 + (0 - 23) - 1).
-28
What is 16 - (-4 + 3 + 10) - (36 - -5 - -5)?
-39
Calculate -9 - (-61 - (-20 - 4)) - 131.
-103
Evaluate (2 - -16) + -11 + 16 + (-17 - 87).
-81
What is the value of (1 - 6 - (0 - 0)) + (-3148 - -3168)?
15
What is the value of 12 + -1 - (-7 + -21 - -42) - -41?
38
What is the value of (-1879 - -1808) + 101 + 1?
31
What is (18 - -2) + 57 - 14 - (16 - 5)?
52
Evaluate 39 - 28 - -2 - 23.
-10
Evaluate -129 - (-43 + (-123 - -104)).
-67
What is 1 - ((2 - 2 - (-13 + -1)) + -3 + 11)?
-21
-2001 + 2047 + (6 - (5 - 1))
48
What is the value of 27 + (37 - 90) - -139?
113
Evaluate -75 + (20 - 143 - -48).
-150
Calculate 71 - (29 + (12 + 27 - 45)).
48
Calculate -14 - (0 + 6 + -14 + -2 + -74).
70
Calculate (144 - (210 - 30)) + -1 + 32.
-5
-17 + (-10 - (9 + -35)) + -12
-13
What is 11 + (-11 - ((0 - -6) + -24 + 26))?
-8
19 - (38 - (5 + 8) - 3 - 11)
8
Evaluate (5 - 2) + 397 + -377.
23
Calculate -21 + (18 + -45 - -50).
2
What is 51 + -13 + -22 - (63 + -15)?
-32
(11 - (-22 + (15 - 5)) - 12) + -1 + 80
90
What is the value of (-1 - 1) + -305 + 310 - (1 - -3) - -11?
10
Evaluate -103 + 53 + (-65 - -10).
-105
Evaluate -110 - (195 + -177 + (1 + -12 - 2)).
-115
3 + (30 - 20) - -38
51
-26 - (-7 - -3 - -2 - 11)
-13
Calculate 15 - ((-42 - -43) + -11 + 4).
21
Calculate 18 + 38 + 29 + -58.
27
(30 - (119 - 85)) + 2 + -27 + -1
-30
Evaluate -12 + -60 + 31 + 52.
11
Calculate (-43 - 5) + (-1603 - -1688).
37
Calculate 13 + -20 + -9 + (5 - -4) + -14.
-21
-13 + 148 + -157 + (2 - 8) - -22
-6
What is -16 - (-9 - -3) - (-9 - 8)?
7
Calculate -12 + (-2 - -16) + -4 + 12 + -33.
-23
Evaluate (-14 - -1 - 1) + 939 + -974 + (22 - -1).
-26
Evaluate ((1 + 13 - 6) + -12 - -16) + -20 + 11.
3
-6 + (-5 + 5 + 5 - 5) - 22
-28
What is 12 + (19 + -1 - 13) + -7?
10
38 + 10 - -43 - 55
36
(120 - (0 - 1)) + (-51 - -36) + 50 + -47
109
Calculate -5 + (-5 - 11) + -17 + -14.
-52
What is the value of -19 - ((0 - -8 - -26) + -16)?
-37
Calculate -3 - (11 + -6 - (6 + 3 - -51)).
52
What is 16 + (6 - 28) + 11 - (-30 - 0)?
35
Evaluate 23 + (-22 + 1 - (334 - 321)).
-11
What is the value of 3 - -4 - 30 - (16 + (12 - 31))?
-20
Evaluate 16 - (28 - 2 - (141 + -97)).
34
What is the value of -894 + 863 - (-39 + 1)?
7
What is the value of -50 - (0 - (27 + (-37 - -6) - (0 - 5)))?
-49
Calculate -1 - 81 - (14 + (19 + -22 - 10)).
-83
99 - 0 - (-43 + -3 + 7 + 52)
86
What is -18 - -4 - (-9 + (2 + -16 - -15))?
-6
What is the value of 110 + (-67 - -4) + 31?
78
What is the value of 106 - ((2 + -20 - -45) + -25 + 9)?
95
What is 109 + -33 + (46 - 82)?
40
Evaluate (-59 - (3 - -3)) + (-9 - -10) + (1 - -3).
-60
What is -28 + 14 + (-1 - (0 - 1))?
-14
-5 + 27 + -7 - (-34 - -1) - 9
39
Calculate 66 + 0 + (103 - 119).
50
What is the value of (-65 - -5) + 57 - 17?
-20
What is 281 + -230 + 5 + (3 - 123)?
-64
What is the value of (5555 - 5515) + (-3 - 13)?
24
What is -2 + -2 + (21 - (-22 - -54 - 25)) + -21?
-11
What is the value of -21 - (54 - (105 - 27))?
3
-15 - (7 - 19 - 30 - -18)
9
-81 + -19 + (45 + -2 - -4)
-53
Calculate -64 + 49 + 35 + 1 - -25.
46
What is (-143 + 314 - 64) + (1 - (2 - -14))?
92
(-3 + -33 - (-4 - -1)) + (29 - (-31 + 54))
-27
Calculate (0 + -1 - (9 + 8)) + -62 + 72.
-8
What is (35 - 144) + 100 - (3 - 1 - (6 + -3))?
-8
-1 + -10 + (-24 - ((13 - (-15 - -42)) + -85))
64
Evaluate -44 - (-95 + -50) - 117.
-16
Calculate (318 - 170) + -151 + (-2 - -1) + -11.
-15
Calculate 17 + -31 + (-7 + 8 - (-1 + 0)) + -6.
-18
Calculate (-6 - 2 - 1 - (1296 + -1306)) + -3.
-2
Calculate 804 + -1083 + 147 + -2.
-134
What is the value of -157 + 28 + -91 + 213?
-7
What is the value of 1 + (26 + 2 - 23) + (-4 - -8) + -10?
0
What is (8 - (-13 + 30 - -2)) + -29?
-40
What is the value of (319 - 331) + (4 + 0 - -8 - (6 - 6))?
0
-284 + 230 + (38 - -4)
-12
Calculate 15 + -52 + -1 + 6 + (-13 - -2) + 4.
-39
3053 + -3060 + 0 + -7
-14
What is the value of 74 + (21 + -42 + 3 - -8 - -5)?
69
What is (-129 - -135) + 0 + -8 - (-86 + (-2 - -3))?
83
What is the value of (65 - 11) + 101 + -189?
-34
What is the value of 23 + -27 + -70 + (-12 - -9) + -2 + -3?
-82
32 + (-12 + 2 - 6) + -12 + 96
100
(-6 + (3 - (-4 - -2)) - -1) + -30
-30
Calculate 14213 + -14241 - (3 + -4 - 125).
98
-7 + (26 - 16 - (0 - 19))
22
(24 - (87 + -13 + 21)) + (-1 - 1) + 0
-73
Evaluate (7279 - 7365) + (97 - 2).
9
Evaluate (260 - 194) + -46 + 2.
22
What is the value of 17 - (-43 - (-22 - -30 - (-3 + 3)))?
68
(1 + -7 - 44) + 9 + (-10 + 5 - 0)
-46
What is the value of 13 - -17 - (-17 + -1 + 6)?
42
What is the value of -4 - 0 - (17 - (-54 + (57 - 33)))?
-51
What is 41 + (-14 - (-20 + -27) - 16)?
58
2 - 38 - (1054 + -1075)
-15
What is the value of 29 + 8 + (-36 - 6) + -44?
-49
Evaluate (-7 - 17 - -12 - (-1 + 4 + -4)) + 14.
3
Evaluate (-26 - -26 - (8 - -5)) + 7.
-6
Evaluate (-6 - (6 + -1 + (71 - 73))) + 40 + 3.
34
What is the value of (145 - 137) + 8 + 14?
30
What is the value of (2 - 1) + 23 + 10 + (3 - (11 + -10))?
36
-7 + (1 - 6) + 173 + (-55 - -20)
126
Calculate (8 - (-21 + 19 + -16 + -2)) + (1 - -1).
30
Calculate -105 + 17 + 12 + (13 - (3 + -5 + 3)).
-64
(3 - 0) + (-18 - -4) - (87 - -22)
-120
What is the value of -18 - -12 - (-61 - (-12 + -9 + 12))?
46
Calculate 2 + -2 + 79 + 62 + -27 + -47.
67
13 - (5 + -22 + 18 + 19 + -5)
-2
What is the value of (-12 + 13 + 71 - (-16 - -6)) + 3 + -10?
75
(3 - 1) + 1 - (-28 - (-196 + 107))
-58
(-123 - (-50 + -64)) + -112
-121
Calculate -14 - (13 - 96) - 72.
-3
-26 + (14 - (-13 + 12 + 10) - -3)
-18
Evaluate (-1 - 16) + (-386 - -439) + -8 + 2.
30
What is the value of 1 + 2 + -38 + -10?
-45
What is -46 - (-7 + (1 - 0) + (8 - (7 + -1)))?
-42
What is -73 + 79 + -95 - (-6 - (2 + 1))?
-80
What is (-22 - 1) + -172 + 203?
8
22 + 2 - ((8 - 5) + -3 + (39 - 31))
16
Evaluate 91 - 3 - (38 - 33) - (22 + -7).
68
(-60 - -2) + 3 + (126 - 147) + 22 + -1
-55
What is -23 - (-25 + -30 + -32)?
64
What is the value of 94 - (49 + -39 + 12 + 0)?
72
What is the value of 35 - ((49 - 2) + -279 + 260)?
7
(208 - 4) + -4331 + 4213
86
Evaluate 43 - (-26 + 56) - 25.
-12
Calculate (41 - 84) + (-56 - -33).
-66
What is -4 - (88 + -69 + (26 - 0))?
-49
What is -36 - ((-69 - 6) + 26)?
13
-4 + 0 - -3 - -36 - (1433 + -1449)
51
Evaluate 2 + -8 + 57 + -9 - (0 + 6).
36
-49 + 31 + 24 + (-32 - 0)
-26
Calculate (115 - 214) + 32 + 59.
-8
Evaluate 46 + (31 - 32) + -9.
36
-3702 + 3659 - (-2 + 8)
-49
What is -71 + 1 - ((-11 + 53 - 46) + -19)?